ctors of 268693440.
2, 3, 5, 19, 14731
List the prime factors of 105755914.
2, 11, 4807087
List the prime factors of 9987742.
2, 4993871
List the prime factors of 821788926.
2, 3, 7, 331, 59113
What are the prime factors of 61741661?
53, 1164937
What are the prime factors of 1778139314?
2, 7, 4933, 25747
List the prime factors of 1576505324.
2, 37, 10652063
What are the prime factors of 1754561662?
2, 7, 419, 299107
List the prime factors of 2696104189.
83, 32483183
What are the prime factors of 47104533?
3, 7, 15259
List the prime factors of 28194873.
3, 7, 29, 67, 691
What are the prime factors of 37711638?
2, 3, 431, 4861
List the prime factors of 746960399.
17, 71, 618857
What are the prime factors of 4156473297?
3, 7681, 180379
What are the prime factors of 915166256?
2, 57197891
What are the prime factors of 40354039?
11, 17, 215797
List the prime factors of 2208004842.
2, 3, 29, 12689683
List the prime factors of 1686172421.
17, 599, 165587
List the prime factors of 323138138.
2, 41, 53, 74353
What are the prime factors of 676168136?
2, 7, 12074431
List the prime factors of 165488557.
13, 17, 748817
List the prime factors of 497749057.
13, 38288389
What are the prime factors of 748094876?
2, 187023719
What are the prime factors of 49068650?
2, 5, 981373
List the prime factors of 72747270.
2, 3, 5, 53, 101, 151
List the prime factors of 2779023679.
83, 33482213
List the prime factors of 38349783.
3, 4261087
What are the prime factors of 1470914303?
47, 73, 89, 4817
List the prime factors of 997215947.
7, 13, 331, 33107
List the prime factors of 126434709.
3, 31, 151057
List the prime factors of 893593717.
71, 113, 127, 877
What are the prime factors of 1752617?
19, 92243
What are the prime factors of 41914258?
2, 20957129
What are the prime factors of 87671327?
8761, 10007
List the prime factors of 1256941553.
7, 179563079
What are the prime factors of 58399905?
3, 5, 53, 73459
List the prime factors of 319785002.
2, 10159, 15739
What are the prime factors of 934366759?
97, 883, 10909
What are the prime factors of 188907186?
2, 3, 13, 186299
What are the prime factors of 913939165?
5, 787, 232259
List the prime factors of 522047295.
3, 5, 7, 11, 50221
List the prime factors of 213883643.
37, 89, 64951
List the prime factors of 1025308040.
2, 5, 25632701
List the prime factors of 30431586.
2, 3, 5071931
List the prime factors of 41862392.
2, 11, 13, 23, 37, 43
List the prime factors of 1162433996.
2, 9467, 30697
List the prime factors of 40266070.
2, 5, 13, 73, 4243
What are the prime factors of 42556?
2, 10639
What are the prime factors of 1946099405?
5, 389219881
What are the prime factors of 1318274593?
1318274593
What are the prime factors of 93295994?
2, 11, 157, 27011
List the prime factors of 1122342904.
2, 37, 61, 1019
List the prime factors of 47351755.
5, 11, 860941
List the prime factors of 4322097280.
2, 5, 37, 4933
List the prime factors of 129017999.
11, 19, 617311
List the prime factors of 30826827.
3, 79, 191, 227
List the prime factors of 20375048.
2, 79, 103, 313
What are the prime factors of 153874813?
67, 101, 22739
What are the prime factors of 3253358451?
3, 7, 154921831
What are the prime factors of 200329632?
2, 3, 17, 23, 593
What are the prime factors of 66521395?
5, 701, 18979
List the prime factors of 27763624.
2, 7, 359, 1381
What are the prime factors of 8327154?
2, 3, 11, 281, 449
List the prime factors of 165476056.
2, 131, 157897
What are the prime factors of 6691608?
2, 3, 7, 11, 17, 71
List the prime factors of 998735681.
998735681
What are the prime factors of 1028074694?
2, 17, 30237491
What are the prime factors of 4278548061?
3, 52821581
List the prime factors of 1210069525.
5, 7, 6914683
What are the prime factors of 630704174?
2, 315352087
What are the prime factors of 108153148?
2, 967, 27961
What are the prime factors of 69793673?
4099, 17027
List the prime factors of 102414030.
2, 3, 5, 3413801
What are the prime factors of 316743621?
3, 9643, 10949
List the prime factors of 281456183.
521, 593, 911
List the prime factors of 87949929.
3, 2393, 12251
What are the prime factors of 253125264?
2, 3, 7, 683, 1103
List the prime factors of 281229030.
2, 3, 5, 43, 24223
What are the prime factors of 59765658?
2, 3, 9960943
What are the prime factors of 44394876?
2, 3, 23, 53617
List the prime factors of 931987488.
2, 3, 241, 40283
List the prime factors of 1838951673.
3, 13, 3299, 14293
What are the prime factors of 227320566?
2, 3, 11, 17, 83, 2441
What are the prime factors of 973054203?
3, 11, 179, 164729
What are the prime factors of 122924543?
7, 53, 331333
What are the prime factors of 134252524?
2, 7, 4794733
List the prime factors of 75582622.
2, 83, 455317
What are the prime factors of 167755540?
2, 5, 1409, 5953
List the prime factors of 33325723.
33325723
List the prime factors of 41588496.
2, 3, 337, 857
What are the prime factors of 31562659?
17, 83, 22369
What are the prime factors of 1690306567?
1690306567
What are the prime factors of 918142836?
2, 3, 13, 5885531
What are the prime factors of 211226222?
2, 389, 271499
What are the prime factors of 6767135?
5, 19, 71233
What are the prime factors of 193329063?
3, 41, 523927
What are the prime factors of 44305148?
2, 11076287
List the prime factors of 310540766.
2, 2111, 73553
What are the prime factors of 1347972081?
3, 19, 227, 104179
What are the prime factors of 1722581784?
2, 3, 7, 11, 310711
List the prime factors of 198301097.
1471, 134807
List the prime factors of 25990624.
2, 11, 47, 1571
What are the prime factors of 344564970?
2, 3, 5, 127, 90437
What are the prime factors of 1070793885?
3, 5, 7, 10198037
List the prime factors of 310696001.
7, 11, 4035013
What are the prime factors of 1172051400?
2, 3, 5, 13, 17, 8839
What are the prime factors of 182830389?
3, 7, 389, 22381
What are the prime factors of 34416092?
2, 17, 506119
List the prime factors of 42217923.
3, 11, 613, 2087
List the prime factors of 554838553.
554838553
What are the prime factors of 131893247?
23, 29, 197741
List the prime factors of 127979764.
2, 11, 281, 941
List the prime factors of 240822877.
47, 5123891
List the prime factors of 15331696.
2, 223, 4297
List the prime factors of 6723103215.
3, 5, 1009, 444209
List the prime factors of 136933382.
2, 68466691
List the prime factors of 925608408.
2, 3, 19, 2029843
What are the prime factors of 3523668323?
7, 37, 13604897
What are the prime factors of 2155478582?
2, 3079, 350029
List the prime factors of 94554376.
2, 7, 1688471
List the prime factors of 183172737.
3, 11, 5550689
What are the prime factors of 156596747?
107, 1463521
List the prime factors of 246918224.
2, 7, 19, 31, 197
List the prime factors of 111997161.
3, 1382681
List the prime factors of 37068535.
5, 7, 263, 4027
List the prime factors of 1254702450.
2, 3, 5, 229, 36527
List the prime factors of 149444852.
2, 101, 369913
What are the prime factors of 538136548?
2, 71, 137, 13831
List the prime factors of 133601345.
5, 4177, 6397
What are the prime factors of 40238829?
3, 1490327
List the prime factors of 17920712.
2, 2240089
List the prime factors of 2116484363.
7, 302354909
List the prime factors of 210634063.
17, 1051, 11789
List the prime factors of 2967229918.
2, 89, 16669831
List the prime factors of 1445117735.
5, 289023547
What are the prime factors of 123019625?
5, 31, 53, 599
List the prime factors of 3141729272.
2, 11, 653, 54673
What are the prime factors of 285154482?
2, 3, 163, 291569
What are the prime factors of 72186771?
3, 29, 829733
What are the prime factors of 366635921?
211, 1737611
What are the prime factors of 52472264?
2, 13, 89, 5669
What are the prime factors of 411404239?
5413, 76003
List the prime factors of 238154562.
2, 3, 59, 224251
List the prime factors of 950716856.
2, 41, 2898527
List the prime factors of 2694500734.
2, 2903, 464089
What are the prime factors of 466019080?
2, 5, 19, 383, 1601
What are the prime factors of 254923123?
7, 13, 2801353
What are the prime factors of 484901670?
2, 3, 5, 11, 41, 35839
List the prime factors of 2158205961.
3, 719401987
What are the prime factors of 851993392?
2, 233, 228539
What are the prime factors of 1984571319?
3, 6373, 103801
List the prime factors 